False
Is 113704385 prime?
False
Is 29227613 prime?
False
Is 12249397 a composite number?
True
Is 79455147 a composite number?
True
Is 2435077 a prime number?
True
Is 1160687 prime?
False
Is 27915607 composite?
False
Is 3788267 composite?
True
Is 6981551 prime?
True
Is 2246291 composite?
True
Is 8688397 composite?
False
Is 7365361 a prime number?
True
Is 25818847 a prime number?
False
Is 2036861 prime?
True
Is 228220007 a composite number?
True
Is 270311585 composite?
True
Is 209527473 prime?
False
Is 94811677 prime?
True
Is 3240862 prime?
False
Is 163203523 prime?
False
Is 1827893 a composite number?
True
Is 85019458 a composite number?
True
Is 53367673 a composite number?
False
Is 1924457 a prime number?
True
Is 17480549 prime?
True
Is 178009961 composite?
False
Is 77740567 composite?
False
Is 1473737 a prime number?
True
Is 28792565 composite?
True
Is 43532891 a composite number?
False
Is 135381955 a composite number?
True
Is 254858941 a composite number?
False
Is 85098711 a composite number?
True
Is 166200053 composite?
False
Is 6305545 a prime number?
False
Is 186313819 composite?
False
Is 43233409 composite?
True
Is 13258151 composite?
False
Is 4738157 a prime number?
True
Is 33432587 a composite number?
False
Is 12832747 composite?
True
Is 11923 prime?
True
Is 1618273 composite?
True
Is 128853371 prime?
True
Is 44338857 a prime number?
False
Is 274384601 a composite number?
False
Is 5133719 a composite number?
False
Is 27409297 a composite number?
False
Is 189905467 a composite number?
False
Is 212627 composite?
False
Is 9295919 a prime number?
True
Is 13438743 a composite number?
True
Is 21382859 a prime number?
True
Is 62160521 composite?
False
Is 3982711 prime?
False
Is 66121097 a composite number?
True
Is 1318436165 a prime number?
False
Is 123739571 composite?
True
Is 7453471 prime?
True
Is 80654827 composite?
True
Is 132333557 a composite number?
False
Is 110910113 a composite number?
False
Is 914429 a prime number?
True
Is 1243133 a composite number?
False
Is 18059901 composite?
True
Is 66326243 composite?
False
Is 648523427 prime?
True
Is 10344031 a prime number?
False
Is 262725277 a composite number?
False
Is 864665 composite?
True
Is 63569 a composite number?
True
Is 348058163 prime?
False
Is 508499 composite?
False
Is 112442663 a prime number?
True
Is 12565693 a composite number?
True
Is 4576129 prime?
False
Is 2655883 a prime number?
False
Is 86963939 a composite number?
False
Is 1511863 a composite number?
False
Is 48903287 prime?
False
Is 39850757 a composite number?
False
Is 12142811 prime?
False
Is 413726821 a composite number?
True
Is 6325477 a composite number?
True
Is 155159 a prime number?
False
Is 5279293 a prime number?
False
Is 21442558 prime?
False
Is 3014069 prime?
False
Is 338587811 a composite number?
False
Is 38812877 prime?
False
Is 354480603 prime?
False
Is 1520822 composite?
True
Is 1734839 prime?
False
Is 75862571 composite?
False
Is 48073 a composite number?
False
Is 13213829 composite?
False
Is 142204271 a composite number?
True
Is 368094509 a composite number?
False
Is 71755673 a composite number?
True
Is 8194841 composite?
False
Is 63876191 prime?
False
Is 4148483 composite?
False
Is 6265183 composite?
True
Is 4094221 a composite number?
False
Is 103277527 a composite number?
True
Is 1195859 composite?
True
Is 59225981 prime?
False
Is 6111949 a composite number?
True
Is 18705779 a composite number?
False
Is 235690747 a composite number?
False
Is 1665799649 prime?
False
Is 5653927 a prime number?
False
Is 115702217 composite?
True
Is 41443397 composite?
False
Is 382241051 a prime number?
True
Is 357943 a prime number?
False
Is 92532823 a composite number?
True
Is 630013 composite?
True
Is 41653949 a composite number?
False
Is 10197745 composite?
True
Is 18768677 prime?
False
Is 228667601 a prime number?
True
Is 14610913 prime?
False
Is 16392755 a composite number?
True
Is 25795699 a prime number?
False
Is 17089631 prime?
False
Is 7094959 prime?
False
Is 2000155 a composite number?
True
Is 3232217 a composite number?
True
Is 114166219 composite?
False
Is 12158371 composite?
False
Is 10927045 prime?
False
Is 29018213 a composite number?
True
Is 320424241 a prime number?
True
Is 1748459 prime?
True
Is 960487 composite?
True
Is 2428991 composite?
False
Is 2509891 a composite number?
False
Is 51673259 composite?
True
Is 68157347 a prime number?
True
Is 4733771 composite?
True
Is 1173491 composite?
True
Is 37293167 composite?
False
Is 32832259 composite?
False
Is 24076379 a composite number?
False
Is 1682207 composite?
False
Is 45606569 composite?
True
Is 36997963 a prime number?
False
Is 390953 a prime number?
True
Is 3091177 prime?
False
Is 35928835 a composite number?
True
Is 153314815 a composite number?
True
Is 7285721 composite?
True
Is 4709399 a prime number?
True
Is 1861151 prime?
True
Is 129263 a prime number?
True
Is 40491233 prime?
True
Is 14342105 prime?
False
Is 26482985 a prime number?
False
Is 1336651 prime?
False
Is 18498937 prime?
True
Is 1223435 composite?
True
Is 5736671 composite?
True
Is 1139123 a prime number?
True
Is 673361 prime?
False
Is 11966047 a prime number?
False
Is 20987957 prime?
True
Is 44821451 prime?
True
Is 10228081 a composite number?
False
Is 108588241 a prime number?
False
Is 86089961 a composite number?
True
Is 289745299 prime?
True
Is 282938257 a prime number?
False
Is 487534037 a composite number?
False
Is 1352647 composite?
True
Is 23675807 composite?
False
Is 760051493 a composite number?
False
Is 16862831 a composite number?
False
Is 66881659 a composite number?
True
Is 127047113 composite?
False
Is 15127657 composite?
False
Is 5465849 a composite number?
False
Is 11047403 prime?
True
Is 3914231 composite?
True
Is 6911249 a composite number?
False
Is 45081669 composite?
True
Is 23393 composite?
True
Is 450080223 prime?
False
Is 16097233 prime?
False
Is 33733501 a composite number?
True
Is 27644473 a composite number?
True
Is 342280077 prime?
False
Is 36723469 prime?
True
Is 145047091 composite?
True
Is 9313403 a prime number?
False
Is 2037341 a prime number?
True
Is 62000201 composite?
False
Is 17823095 a prime number?
False
Is 26507749 a prime number?
True
Is 63451567 a prime number?
True
Is 252395015 prime?
False
Is 1972567 a prime number?
True
Is 165905759 composite?
False
Is 104367062 prime?
False
Is 226000211 a composite number?
False
Is 351064309 composite?
False
Is 739764721 a composite number?
False
Is 588878 a composite number?
True
Is 779729 composite?
True
Is 192082739 a prime number?
True
Is 91879469 a composite number?
True
Is 905461 a composite number?
False
Is 22242187 prime?
False
Is 731451011 prime?
True
Is 4893449 composite?
True
Is 266609614 composite?
True
Is 17975731 a composite number?
False
Is 14511221 prime?
True
Is 11370443 composite?
True
Is 851855 a prime number?
False
Is 266789 composite?
True
Is 342460703 composite?
True
Is 4522787 composite?
False
Is 14759243 prime?
False
Is 4975457 composite?
False
Is 83501861 prime?
True
Is 57744077 composite?
True
Is 27579847 prime?
False
Is 225427 composite?
False
Is 2254666 composite?
True
Is 1799687 a composite number?
True
Is 69752867 composite?
True
Is 5550113 composite?
False
Is 2762203 prime?
False
Is 22975429 composite?
False
Is 8512063 composite?
True
Is 8775049 a composite number?
True
Is 14699563 a composite number?
True
Is 101936597 composite?
True
Is 7264483 a composite number?
True
Is 97701943 prime?
True
Is 192467807 composite?
True
Is 51212302 a prime number?
False
Is 70018687 a prime number?
True
Is 5455097 prime?
True
Is 145541257 a prime number?
False
Is 440804513 composite?
False
Is 188662213 prime?
False
Is 22336871 prime?
True
Is 15543757 a prime number?
True
Is 31333411 a composite number?
False
Is 58384654 a prime number?
False
Is 547564157 a prime number?
False
Is 2084363 prime?
False
Is 1827571 composite?
True
Is 74636723 a composite number?
True
Is 56999923 prime?
True
Is 80959127 prime?
True
Is 102774997 a composite number?
True
Is 1372263 a prime number?
False
Is 36926867 a prime number?
True
Is 172718617 a composite number?
True
Is 581461087 prime?
False
Is 72559909 composite?
False
Is 3604829 composite?
False
Is 4881713 composite?
True
Is 737309 a prime number?
Tr